 digit of 139065?
5
What is the thousands digit of 2650?
2
What is the hundreds digit of 658?
6
What is the tens digit of 20526?
2
What is the hundreds digit of 4412?
4
What is the ten thousands digit of 10773?
1
What is the units digit of 5315?
5
What is the hundreds digit of 980?
9
What is the thousands digit of 3857?
3
What is the hundreds digit of 1115?
1
What is the hundreds digit of 1357?
3
What is the units digit of 72?
2
What is the units digit of 22872?
2
What is the units digit of 113315?
5
What is the tens digit of 2267?
6
What is the hundreds digit of 370?
3
What is the tens digit of 873?
7
What is the hundreds digit of 1440?
4
What is the tens digit of 4384?
8
What is the tens digit of 1739?
3
What is the tens digit of 17385?
8
What is the ten thousands digit of 48303?
4
What is the units digit of 2479?
9
What is the units digit of 2149?
9
What is the units digit of 766?
6
What is the hundreds digit of 20623?
6
What is the units digit of 4144?
4
What is the tens digit of 7929?
2
What is the ten thousands digit of 22630?
2
What is the ten thousands digit of 18144?
1
What is the units digit of 66357?
7
What is the units digit of 10979?
9
What is the hundreds digit of 168081?
0
What is the tens digit of 37415?
1
What is the tens digit of 11038?
3
What is the units digit of 3074?
4
What is the tens digit of 12049?
4
What is the units digit of 136?
6
What is the tens digit of 11967?
6
What is the tens digit of 20798?
9
What is the hundreds digit of 114?
1
What is the hundreds digit of 3509?
5
What is the thousands digit of 1315?
1
What is the units digit of 76909?
9
What is the ten thousands digit of 154591?
5
What is the tens digit of 1555?
5
What is the tens digit of 2055?
5
What is the thousands digit of 14137?
4
What is the hundreds digit of 3047?
0
What is the units digit of 2340?
0
What is the thousands digit of 108113?
8
What is the units digit of 45242?
2
What is the hundreds digit of 24907?
9
What is the units digit of 22585?
5
What is the thousands digit of 98779?
8
What is the tens digit of 2389?
8
What is the tens digit of 76659?
5
What is the ten thousands digit of 50024?
5
What is the units digit of 679?
9
What is the hundreds digit of 736?
7
What is the thousands digit of 3196?
3
What is the hundreds digit of 101545?
5
What is the thousands digit of 16016?
6
What is the tens digit of 10576?
7
What is the thousands digit of 62514?
2
What is the units digit of 3786?
6
What is the units digit of 493?
3
What is the tens digit of 3796?
9
What is the tens digit of 62?
6
What is the tens digit of 60109?
0
What is the thousands digit of 40666?
0
What is the tens digit of 1321?
2
What is the units digit of 1106?
6
What is the tens digit of 356?
5
What is the tens digit of 134274?
7
What is the hundreds digit of 91649?
6
What is the hundreds digit of 897?
8
What is the units digit of 897?
7
What is the thousands digit of 3888?
3
What is the thousands digit of 4324?
4
What is the units digit of 6430?
0
What is the thousands digit of 46732?
6
What is the tens digit of 45471?
7
What is the tens digit of 5741?
4
What is the units digit of 55172?
2
What is the tens digit of 1050?
5
What is the thousands digit of 127927?
7
What is the ten thousands digit of 20955?
2
What is the hundreds digit of 3885?
8
What is the thousands digit of 14160?
4
What is the thousands digit of 35849?
5
What is the thousands digit of 1792?
1
What is the ten thousands digit of 20072?
2
What is the units digit of 9838?
8
What is the units digit of 31983?
3
What is the thousands digit of 35316?
5
What is the thousands digit of 1535?
1
What is the hundreds digit of 15041?
0
What is the thousands digit of 4991?
4
What is the thousands digit of 25993?
5
What is the units digit of 5135?
5
What is the units digit of 4118?
8
What is the tens digit of 1269?
6
What is the tens digit of 998?
9
What is the hundreds digit of 741?
7
What is the units digit of 11335?
5
What is the hundreds digit of 68660?
6
What is the hundreds digit of 943?
9
What is the tens digit of 676?
7
What is the units digit of 73998?
8
What is the tens digit of 6156?
5
What is the ten thousands digit of 86068?
8
What is the hundreds digit of 59779?
7
What is the tens digit of 656?
5
What is the hundreds digit of 8795?
7
What is the units digit of 5126?
6
What is the thousands digit of 28507?
8
What is the hundreds digit of 919?
9
What is the hundreds digit of 2337?
3
What is the hundreds digit of 150447?
4
What is the ten thousands digit of 43581?
4
What is the units digit of 622?
2
What is the units digit of 279?
9
What is the tens digit of 3558?
5
What is the hundreds digit of 105855?
8
What is the units digit of 44341?
1
What is the units digit of 27573?
3
What is the thousands digit of 6391?
6
What is the tens digit of 1309?
0
What is the hundreds digit of 1932?
9
What is the thousands digit of 18123?
8
What is the hundreds digit of 94706?
7
What is the tens digit of 78060?
6
What is the tens digit of 1625?
2
What is the units digit of 302?
2
What is the tens digit of 9742?
4
What is the units digit of 14527?
7
What is the tens digit of 3855?
5
What is the tens digit of 785?
8
What is the tens digit of 5339?
3
What is the ten thousands digit of 71143?
7
What is the tens digit of 1612?
1
What is the thousands digit of 4452?
4
What is the tens digit of 7573?
7
What is the units digit of 417?
7
What is the units digit of 7405?
5
What is the ten thousands digit of 23766?
2
What is the hundreds digit of 6256?
2
What is the units digit of 198?
8
What is the ten thousands digit of 40023?
4
What is the units digit of 49374?
4
What is the hundreds digit of 124984?
9
What is the tens digit of 24795?
9
What is the thousands digit of 9941?
9
What is the units digit of 657?
7
What is the thousands digit of 1290?
1
What is the units digit of 8215?
5
What is the hundreds digit of 347?
3
What is the thousands digit of 34128?
4
What is the hundreds digit of 108870?
8
What is the thousands digit of 1070?
1
What is the hundreds digit of 155944?
9
What is the tens digit of 240?
4
What is the thousands digit of 30405?
0
What is the ten thousands digit of 101521?
0
What is the thousands digit of 65631?
5
What is the tens digit of 3745?
4
What is the tens digit of 1310?
1
What is the units digit of 71?
1
What is the hundreds digit of 1165?
1
What is the tens digit of 952?
5
What is the tens digit of 1923?
2
What is the hundreds digit of 706?
7
What is the units digit of 18967?
7
What is the units digit of 4749?
9
What is the hundreds digit of 7319?
3
What is the thousands digit of 45141?
5
What is the tens digit of 3131?
3
What is the hundreds digit of 1597?
5
What is the hundreds digit of 11364?
3
What is the hundreds digit of 5204?
2
What is the tens digit of 46531?
3
What is the hundreds digit of 1315?
3
What is the ten thousands digit of 69286?
6
What is the thousands digit of 61316?
1
What is the tens digit of 11572?
7
What is the hundreds digit of 1886?
8
What is the units digit of 1561?
1
What is the thousands digit of 49359?
9
What is the units digit of 1678?
8
What is the hundreds digit of 440?
4
What is the hundreds digit of 3570?
5
What is the thousands digit of 1691?
1
What is the hundreds digit of 22584?
5
What is the hundreds digit of 9964?
9
What is the units digit of 14110?
0
What is the tens digit of 304?
0
What is the units digit of 489?
9
What is the tens digit of 6212?
1
What is the units digit of 4050?
0
What is the ten thousands digit of 40368?
4
What is the tens digit of 657?
5
What is the thousands digit of 18877?
8
What is the units digit of 1101?
1
What is the tens digit of 17566?
6
What is the hundreds digit of 701?
7
What is the thousands digit of 5209?
5
What is the thousands digit of 20887?
0
What is the hundreds digit of 1504?
5
What is the hundreds digit of 18296?
2
What is the hundreds digit of 56399?
3
What is the thousands digit of 1885?
1
What is the units digit of 854?
4
What is the hundreds digit of 729?
7
What is the hundreds digit of 8586?
5
What is the units digit of 118940?
0
What is the thousands digit of 1615?
1
What is the tens digit of 99057?
5
What is the hundred thousands digit of 144766?
1
What is the units digit of 59878?
8
What is the units digit of 6726?
6
What